{"id":28661,"date":"2026-02-17T21:45:02","date_gmt":"2026-02-17T20:45:02","guid":{"rendered":"https:\/\/www.royalvanzanten.com\/producten\/sin%20categor\u00eda\/lavandula-angustifolia-jane\/"},"modified":"2026-02-17T22:16:07","modified_gmt":"2026-02-17T21:16:07","slug":"lavanda-jane","status":"publish","type":"product","link":"https:\/\/www.royalvanzanten.com\/es\/products\/plantas-de-maceta\/lavanda-jane\/","title":{"rendered":"Lavanda Jane"},"content":{"rendered":"<ul>\n<li>Grandes flores de color azul p\u00farpura intenso<\/li>\n<li>No requiere tratamiento de fr\u00edo para florecer<\/li>\n<li>Florece en el primer a\u00f1o<\/li>\n<li>Crecimiento y floraci\u00f3n similares a &#8216;Havanna&#8217;<\/li>\n<li>La m\u00e1s adecuada para la producci\u00f3n de verano<\/li>\n<\/ul>\n","protected":false},"excerpt":{"rendered":"<p>Grandes flores de color azul p\u00farpura intenso No requiere tratamiento de fr\u00edo para florecer Florece en el primer a\u00f1o Crecimiento y floraci\u00f3n similares a &#8216;Havanna&#8217; La m\u00e1s adecuada para la producci\u00f3n de verano<\/p>\n","protected":false},"featured_media":28666,"comment_status":"open","ping_status":"closed","template":"","meta":{"_acf_changed":false,"inline_featured_image":false},"product_brand":[],"product_cat":[5115,2671],"product_tag":[],"class_list":{"0":"post-28661","1":"product","2":"type-product","3":"status-publish","4":"has-post-thumbnail","6":"product_cat-lavendel-es","7":"product_cat-plantas-de-maceta","9":"first","10":"instock","11":"shipping-taxable","12":"product-type-simple"},"acf":[],"yoast_head":"<!-- This site is optimized with the Yoast SEO plugin v27.4 - https:\/\/yoast.com\/product\/yoast-seo-wordpress\/ -->\n<title>Lavanda Jane - Royal Van Zanten<\/title>\n<meta name=\"robots\" content=\"index, follow, max-snippet:-1, max-image-preview:large, max-video-preview:-1\" \/>\n<link rel=\"canonical\" href=\"https:\/\/www.royalvanzanten.com\/es\/products\/plantas-de-maceta\/lavanda-jane\/\" \/>\n<meta property=\"og:locale\" content=\"es_ES\" \/>\n<meta property=\"og:type\" content=\"article\" \/>\n<meta property=\"og:title\" content=\"Lavanda Jane - Royal Van Zanten\" \/>\n<meta property=\"og:description\" content=\"Grandes flores de color azul p\u00farpura intenso No requiere tratamiento de fr\u00edo para florecer Florece en el primer a\u00f1o Crecimiento y floraci\u00f3n similares a &#8216;Havanna&#8217; La m\u00e1s adecuada para la producci\u00f3n de verano\" \/>\n<meta property=\"og:url\" content=\"https:\/\/www.royalvanzanten.com\/es\/products\/plantas-de-maceta\/lavanda-jane\/\" \/>\n<meta property=\"og:site_name\" content=\"Royal Van Zanten\" \/>\n<meta property=\"article:publisher\" content=\"https:\/\/www.facebook.com\/RoyalVanZanten\/\" \/>\n<meta property=\"article:modified_time\" content=\"2026-02-17T21:16:07+00:00\" \/>\n<meta property=\"og:image\" content=\"https:\/\/www.royalvanzanten.com\/wp-content\/uploads\/2026\/02\/DSCF1306-5_liggend.jpg\" \/>\n\t<meta property=\"og:image:width\" content=\"1874\" \/>\n\t<meta property=\"og:image:height\" content=\"1498\" \/>\n\t<meta property=\"og:image:type\" content=\"image\/jpeg\" \/>\n<meta name=\"twitter:card\" content=\"summary_large_image\" \/>\n<script type=\"application\/ld+json\" class=\"yoast-schema-graph\">{\"@context\":\"https:\\\/\\\/schema.org\",\"@graph\":[{\"@type\":\"WebPage\",\"@id\":\"https:\\\/\\\/www.royalvanzanten.com\\\/es\\\/products\\\/plantas-de-maceta\\\/lavanda-jane\\\/\",\"url\":\"https:\\\/\\\/www.royalvanzanten.com\\\/es\\\/products\\\/plantas-de-maceta\\\/lavanda-jane\\\/\",\"name\":\"Lavanda Jane - Royal Van Zanten\",\"isPartOf\":{\"@id\":\"https:\\\/\\\/www.royalvanzanten.com\\\/#website\"},\"primaryImageOfPage\":{\"@id\":\"https:\\\/\\\/www.royalvanzanten.com\\\/es\\\/products\\\/plantas-de-maceta\\\/lavanda-jane\\\/#primaryimage\"},\"image\":{\"@id\":\"https:\\\/\\\/www.royalvanzanten.com\\\/es\\\/products\\\/plantas-de-maceta\\\/lavanda-jane\\\/#primaryimage\"},\"thumbnailUrl\":\"https:\\\/\\\/www.royalvanzanten.com\\\/wp-content\\\/uploads\\\/2026\\\/02\\\/DSCF1306-5_liggend.jpg\",\"datePublished\":\"2026-02-17T20:45:02+00:00\",\"dateModified\":\"2026-02-17T21:16:07+00:00\",\"breadcrumb\":{\"@id\":\"https:\\\/\\\/www.royalvanzanten.com\\\/es\\\/products\\\/plantas-de-maceta\\\/lavanda-jane\\\/#breadcrumb\"},\"inLanguage\":\"es\",\"potentialAction\":[{\"@type\":\"ReadAction\",\"target\":[\"https:\\\/\\\/www.royalvanzanten.com\\\/es\\\/products\\\/plantas-de-maceta\\\/lavanda-jane\\\/\"]}]},{\"@type\":\"ImageObject\",\"inLanguage\":\"es\",\"@id\":\"https:\\\/\\\/www.royalvanzanten.com\\\/es\\\/products\\\/plantas-de-maceta\\\/lavanda-jane\\\/#primaryimage\",\"url\":\"https:\\\/\\\/www.royalvanzanten.com\\\/wp-content\\\/uploads\\\/2026\\\/02\\\/DSCF1306-5_liggend.jpg\",\"contentUrl\":\"https:\\\/\\\/www.royalvanzanten.com\\\/wp-content\\\/uploads\\\/2026\\\/02\\\/DSCF1306-5_liggend.jpg\",\"width\":1874,\"height\":1498},{\"@type\":\"BreadcrumbList\",\"@id\":\"https:\\\/\\\/www.royalvanzanten.com\\\/es\\\/products\\\/plantas-de-maceta\\\/lavanda-jane\\\/#breadcrumb\",\"itemListElement\":[{\"@type\":\"ListItem\",\"position\":1,\"name\":\"Home\",\"item\":\"https:\\\/\\\/www.royalvanzanten.com\\\/es\\\/\"},{\"@type\":\"ListItem\",\"position\":2,\"name\":\"Buscador de productos\",\"item\":\"https:\\\/\\\/www.royalvanzanten.com\\\/es\\\/productos-2\\\/\"},{\"@type\":\"ListItem\",\"position\":3,\"name\":\"Lavanda Jane\"}]},{\"@type\":\"WebSite\",\"@id\":\"https:\\\/\\\/www.royalvanzanten.com\\\/#website\",\"url\":\"https:\\\/\\\/www.royalvanzanten.com\\\/\",\"name\":\"Royal Van Zanten\",\"description\":\"driven by passion\",\"potentialAction\":[{\"@type\":\"SearchAction\",\"target\":{\"@type\":\"EntryPoint\",\"urlTemplate\":\"https:\\\/\\\/www.royalvanzanten.com\\\/?s={search_term_string}\"},\"query-input\":{\"@type\":\"PropertyValueSpecification\",\"valueRequired\":true,\"valueName\":\"search_term_string\"}}],\"inLanguage\":\"es\"}]}<\/script>\n<!-- \/ Yoast SEO plugin. -->","yoast_head_json":{"title":"Lavanda Jane - Royal Van Zanten","robots":{"index":"index","follow":"follow","max-snippet":"max-snippet:-1","max-image-preview":"max-image-preview:large","max-video-preview":"max-video-preview:-1"},"canonical":"https:\/\/www.royalvanzanten.com\/es\/products\/plantas-de-maceta\/lavanda-jane\/","og_locale":"es_ES","og_type":"article","og_title":"Lavanda Jane - Royal Van Zanten","og_description":"Grandes flores de color azul p\u00farpura intenso No requiere tratamiento de fr\u00edo para florecer Florece en el primer a\u00f1o Crecimiento y floraci\u00f3n similares a &#8216;Havanna&#8217; La m\u00e1s adecuada para la producci\u00f3n de verano","og_url":"https:\/\/www.royalvanzanten.com\/es\/products\/plantas-de-maceta\/lavanda-jane\/","og_site_name":"Royal Van Zanten","article_publisher":"https:\/\/www.facebook.com\/RoyalVanZanten\/","article_modified_time":"2026-02-17T21:16:07+00:00","og_image":[{"width":1874,"height":1498,"url":"https:\/\/www.royalvanzanten.com\/wp-content\/uploads\/2026\/02\/DSCF1306-5_liggend.jpg","type":"image\/jpeg"}],"twitter_card":"summary_large_image","schema":{"@context":"https:\/\/schema.org","@graph":[{"@type":"WebPage","@id":"https:\/\/www.royalvanzanten.com\/es\/products\/plantas-de-maceta\/lavanda-jane\/","url":"https:\/\/www.royalvanzanten.com\/es\/products\/plantas-de-maceta\/lavanda-jane\/","name":"Lavanda Jane - Royal Van Zanten","isPartOf":{"@id":"https:\/\/www.royalvanzanten.com\/#website"},"primaryImageOfPage":{"@id":"https:\/\/www.royalvanzanten.com\/es\/products\/plantas-de-maceta\/lavanda-jane\/#primaryimage"},"image":{"@id":"https:\/\/www.royalvanzanten.com\/es\/products\/plantas-de-maceta\/lavanda-jane\/#primaryimage"},"thumbnailUrl":"https:\/\/www.royalvanzanten.com\/wp-content\/uploads\/2026\/02\/DSCF1306-5_liggend.jpg","datePublished":"2026-02-17T20:45:02+00:00","dateModified":"2026-02-17T21:16:07+00:00","breadcrumb":{"@id":"https:\/\/www.royalvanzanten.com\/es\/products\/plantas-de-maceta\/lavanda-jane\/#breadcrumb"},"inLanguage":"es","potentialAction":[{"@type":"ReadAction","target":["https:\/\/www.royalvanzanten.com\/es\/products\/plantas-de-maceta\/lavanda-jane\/"]}]},{"@type":"ImageObject","inLanguage":"es","@id":"https:\/\/www.royalvanzanten.com\/es\/products\/plantas-de-maceta\/lavanda-jane\/#primaryimage","url":"https:\/\/www.royalvanzanten.com\/wp-content\/uploads\/2026\/02\/DSCF1306-5_liggend.jpg","contentUrl":"https:\/\/www.royalvanzanten.com\/wp-content\/uploads\/2026\/02\/DSCF1306-5_liggend.jpg","width":1874,"height":1498},{"@type":"BreadcrumbList","@id":"https:\/\/www.royalvanzanten.com\/es\/products\/plantas-de-maceta\/lavanda-jane\/#breadcrumb","itemListElement":[{"@type":"ListItem","position":1,"name":"Home","item":"https:\/\/www.royalvanzanten.com\/es\/"},{"@type":"ListItem","position":2,"name":"Buscador de productos","item":"https:\/\/www.royalvanzanten.com\/es\/productos-2\/"},{"@type":"ListItem","position":3,"name":"Lavanda Jane"}]},{"@type":"WebSite","@id":"https:\/\/www.royalvanzanten.com\/#website","url":"https:\/\/www.royalvanzanten.com\/","name":"Royal Van Zanten","description":"driven by passion","potentialAction":[{"@type":"SearchAction","target":{"@type":"EntryPoint","urlTemplate":"https:\/\/www.royalvanzanten.com\/?s={search_term_string}"},"query-input":{"@type":"PropertyValueSpecification","valueRequired":true,"valueName":"search_term_string"}}],"inLanguage":"es"}]}},"_links":{"self":[{"href":"https:\/\/www.royalvanzanten.com\/es\/wp-json\/wp\/v2\/product\/28661","targetHints":{"allow":["GET"]}}],"collection":[{"href":"https:\/\/www.royalvanzanten.com\/es\/wp-json\/wp\/v2\/product"}],"about":[{"href":"https:\/\/www.royalvanzanten.com\/es\/wp-json\/wp\/v2\/types\/product"}],"replies":[{"embeddable":true,"href":"https:\/\/www.royalvanzanten.com\/es\/wp-json\/wp\/v2\/comments?post=28661"}],"wp:featuredmedia":[{"embeddable":true,"href":"https:\/\/www.royalvanzanten.com\/es\/wp-json\/wp\/v2\/media\/28666"}],"wp:attachment":[{"href":"https:\/\/www.royalvanzanten.com\/es\/wp-json\/wp\/v2\/media?parent=28661"}],"wp:term":[{"taxonomy":"product_brand","embeddable":true,"href":"https:\/\/www.royalvanzanten.com\/es\/wp-json\/wp\/v2\/product_brand?post=28661"},{"taxonomy":"product_cat","embeddable":true,"href":"https:\/\/www.royalvanzanten.com\/es\/wp-json\/wp\/v2\/product_cat?post=28661"},{"taxonomy":"product_tag","embeddable":true,"href":"https:\/\/www.royalvanzanten.com\/es\/wp-json\/wp\/v2\/product_tag?post=28661"}],"curies":[{"name":"wp","href":"https:\/\/api.w.org\/{rel}","templated":true}]}}

https://www.royalvanzanten.com/producten/sin%20categoría/lavandula-angustifolia-jane/

<ul>
<li>Grandes flores de color azul púrpura intenso</li>
<li>No requiere tratamiento de frío para florecer</li>
<li>Florece en el primer año</li>
<li>Crecimiento y floración similares a &#8216;Havanna&#8217;</li>
<li>La más adecuada para la producción de verano</li>
</ul>

<p>Grandes flores de color azul púrpura intenso No requiere tratamiento de frío para florecer Florece en el primer año Crecimiento y floración similares a &#8216;Havanna&#8217; La más adecuada para la producción de verano</p>

<!-- This site is optimized with the Yoast SEO plugin v27.4 - https://yoast.com/product/yoast-seo-wordpress/ -->
<title>Lavanda Jane - Royal Van Zanten</title>
<meta name="robots" content="index, follow, max-snippet:-1, max-image-preview:large, max-video-preview:-1" />
<link rel="canonical" href="https://www.royalvanzanten.com/es/products/plantas-de-maceta/lavanda-jane/" />
<meta property="og:locale" content="es_ES" />
<meta property="og:type" content="article" />
<meta property="og:title" content="Lavanda Jane - Royal Van Zanten" />
<meta property="og:description" content="Grandes flores de color azul púrpura intenso No requiere tratamiento de frío para florecer Florece en el primer año Crecimiento y floración similares a &#8216;Havanna&#8217; La más adecuada para la producción de verano" />
<meta property="og:url" content="https://www.royalvanzanten.com/es/products/plantas-de-maceta/lavanda-jane/" />
<meta property="og:site_name" content="Royal Van Zanten" />
<meta property="article:publisher" content="https://www.facebook.com/RoyalVanZanten/" />
<meta property="article:modified_time" content="2026-02-17T21:16:07+00:00" />
<meta property="og:image" content="https://www.royalvanzanten.com/wp-content/uploads/2026/02/DSCF1306-5_liggend.jpg" />
	<meta property="og:image:width" content="1874" />
	<meta property="og:image:height" content="1498" />
	<meta property="og:image:type" content="image/jpeg" />
<meta name="twitter:card" content="summary_large_image" />
<script type="application/ld+json" class="yoast-schema-graph">{"@context":"https:\/\/schema.org","@graph":[{"@type":"WebPage","@id":"https:\/\/www.royalvanzanten.com\/es\/products\/plantas-de-maceta\/lavanda-jane\/","url":"https:\/\/www.royalvanzanten.com\/es\/products\/plantas-de-maceta\/lavanda-jane\/","name":"Lavanda Jane - Royal Van Zanten","isPartOf":{"@id":"https:\/\/www.royalvanzanten.com\/#website"},"primaryImageOfPage":{"@id":"https:\/\/www.royalvanzanten.com\/es\/products\/plantas-de-maceta\/lavanda-jane\/#primaryimage"},"image":{"@id":"https:\/\/www.royalvanzanten.com\/es\/products\/plantas-de-maceta\/lavanda-jane\/#primaryimage"},"thumbnailUrl":"https:\/\/www.royalvanzanten.com\/wp-content\/uploads\/2026\/02\/DSCF1306-5_liggend.jpg","datePublished":"2026-02-17T20:45:02+00:00","dateModified":"2026-02-17T21:16:07+00:00","breadcrumb":{"@id":"https:\/\/www.royalvanzanten.com\/es\/products\/plantas-de-maceta\/lavanda-jane\/#breadcrumb"},"inLanguage":"es","potentialAction":[{"@type":"ReadAction","target":["https:\/\/www.royalvanzanten.com\/es\/products\/plantas-de-maceta\/lavanda-jane\/"]}]},{"@type":"ImageObject","inLanguage":"es","@id":"https:\/\/www.royalvanzanten.com\/es\/products\/plantas-de-maceta\/lavanda-jane\/#primaryimage","url":"https:\/\/www.royalvanzanten.com\/wp-content\/uploads\/2026\/02\/DSCF1306-5_liggend.jpg","contentUrl":"https:\/\/www.royalvanzanten.com\/wp-content\/uploads\/2026\/02\/DSCF1306-5_liggend.jpg","width":1874,"height":1498},{"@type":"BreadcrumbList","@id":"https:\/\/www.royalvanzanten.com\/es\/products\/plantas-de-maceta\/lavanda-jane\/#breadcrumb","itemListElement":[{"@type":"ListItem","position":1,"name":"Home","item":"https:\/\/www.royalvanzanten.com\/es\/"},{"@type":"ListItem","position":2,"name":"Buscador de productos","item":"https:\/\/www.royalvanzanten.com\/es\/productos-2\/"},{"@type":"ListItem","position":3,"name":"Lavanda Jane"}]},{"@type":"WebSite","@id":"https:\/\/www.royalvanzanten.com\/#website","url":"https:\/\/www.royalvanzanten.com\/","name":"Royal Van Zanten","description":"driven by passion","potentialAction":[{"@type":"SearchAction","target":{"@type":"EntryPoint","urlTemplate":"https:\/\/www.royalvanzanten.com\/?s={search_term_string}"},"query-input":{"@type":"PropertyValueSpecification","valueRequired":true,"valueName":"search_term_string"}}],"inLanguage":"es"}]}</script>
<!-- / Yoast SEO plugin. -->

Grandes flores de color azul púrpura intenso No requiere tratamiento de frío para florecer Florece en el primer año Crecimiento y floración similares a &#8216;Havanna&#8217; La más adecuada para la producción de verano
